uppose 11*w - 13*w + 78 = 0. Calculate the greatest common divisor of w and f.
39
Let n = -168 - -83. Let r = -32 - n. Suppose 9*z + r = 188. What is the highest common factor of z and 3?
3
Let q(u) = -26*u**2 + 86*u - 99. Let b(w) = -5*w**2 + 17*w - 20. Let o(p) = -11*b(p) + 2*q(p). Let x be o(7). Calculate the greatest common divisor of x and 24.
8
Let c = 20 - 13. Suppose 4*r - 5*o = 3659, -r + 5*o - c*o = -931. Let j = -536 + r. What is the greatest common divisor of j and 35?
35
Let x = -60 + 25. Let s = 47 + x. Let h(b) = 6*b**2 + 9*b. Let c be h(4). What is the highest common divisor of c and s?
12
Let g(o) = 161*o**2 + 12*o - 2. Let f be g(2). What is the greatest common divisor of 592 and f?
74
Let c be (-56 + -8 - (-1)/1)/(-1). Let d = 129 - c. Let u be (d/9)/(7/21). Calculate the highest common factor of 121 and u.
11
Suppose -4*o = 4*f + 472, 473 = -4*o + 3*f - 6*f. Let x be 102/o + (740/14 - 2). Let t be (-9 - 1)/(2/(-2)). Calculate the greatest common divisor of x and t.
10
Let b(n) = 79*n**2 + 211*n + 3458. Let h be b(-21). What is the highest common factor of h and 41?
41
Let y be (-981)/(-436)*(-68280)/(-9). Calculate the greatest common divisor of y and 30.
30
Let m be (0 - -2) + (31 - 1). Let z(k) = 9*k**2 + 180*k - 394. Let f be z(-22). What is the greatest common divisor of f and m?
2
Let h be 2 - 2122/(-3) - (-7)/(-21). Suppose 17*z + 250 = h. Suppose -2*u + 9 = u. What is the greatest common divisor of z and u?
3
Let l(q) = q**2 + 34*q + 81. Let u be l(-30). Let h = u + 53. Let p = -369 - -523. What is the highest common divisor of h and p?
14
Let g(v) = v**3 + 2*v**2 + 54*v - 158. Let k be g(3). Let r be 2 - (-1)/((-2)/(-1662)). What is the highest common divisor of r and k?
49
Let h(u) = u**3 + 10*u**2 + 3*u - 4. Let o be h(-4). Suppose 4*s - 12 = 0, 2*c - 5*s + 0*s = 865. What is the greatest common factor of c and o?
40
Suppose -318 = -3*a + 1134. Suppose 0 = 2*n + 38*p - 42*p - a, -715 = -3*n - 5*p. What is the highest common divisor of 100 and n?
20
Let c be 4/(-6) + ((-414106)/(-33))/7. Calculate the greatest common divisor of c and 14.
14
Let x(t) = -3*t - 14. Let i be x(-6). Suppose 3*u + l - 296 = 0, -i*u + 622 - 236 = -3*l. Calculate the greatest common divisor of 28 and u.
14
Suppose -56*h = -30*h - 5330. Calculate the highest common factor of h and 943.
41
Let h(r) = -5*r - 1. Let f be h(-2). Suppose 0 = -773*n + 799*n - 5850. Calculate the greatest common divisor of n and f.
9
Let h = -837 - -914. Let m be (2/1)/(1/8). Suppose 2*s = -i - i + m, -i = 3*s - 2. What is the highest common divisor of h and i?
11
Let b(f) = -f**3 - 18*f**2 + 19*f + 2. Let m be b(-19). Let n(c) = 82*c**3 - 4*c**2 + 15*c - 22. Let z be n(m). What is the greatest common factor of z and 24?
24
Let r(l) be the first derivative of -1/2*l**4 + 3*l - 1/3*l**3 + l**2 + 11. Let g be r(-3). Calculate the highest common factor of g and 6.
6
Let a(t) = -600*t**3 + t**2 + 2*t + 2. Let s be a(-1). Suppose s*k - 108 = 599*k. Calculate the highest common divisor of 99 and k.
9
Suppose 54*i - 45 = 59*i, 5*i + 31 = -2*k. Let q(r) = -1 + 2 - 16*r + 0. Let o be q(-3). Calculate the greatest common factor of o and k.
7
Let j = -75 + 105. Suppose 5*z = -4*s + 532, 0*s + 15 = 5*s. Suppose -34 = 7*x - z. What is the highest common factor of x and j?
10
Let a(o) = -o**2 - 43*o + 94. Let d be a(-45). Suppose d*y - 1628 = -184. What is the highest common factor of 38 and y?
19
Let f = 4880 + -4404. Calculate the highest common factor of 833 and f.
119
Let p be 8*3 - (-9 + 12). Let o be 93/p + 9/(-21). Let a be 6/12 - 90/(-4) - 3. Calculate the greatest common divisor of o and a.
4
Let o = 7443 - 7426. Calculate the greatest common divisor of o and 2533.
17
Suppose -14*k + 2*x = -18*k + 270, -2*k + 147 = 5*x. What is the greatest common divisor of k and 120?
6
Let t be -10 + -1 + 1/1 - -1102. What is the highest common divisor of 6279 and t?
273
Suppose -1180 = 224*r - 244*r. What is the highest common divisor of r and 5546?
59
Let w(x) = 40*x**2. Let s(d) = -4*d - 37. Let g be s(12). Let n = g + 84. Let q be w(n). What is the greatest common divisor of 5 and q?
5
Let d = -17 - -19. Let r be (-22)/(-3)*8/((-32)/(-6)). Suppose 3*h + z = 53, -4*h - 5*z + r = -56. What is the greatest common factor of d and h?
2
Let d = 6321 - 3159. Calculate the highest common factor of 124 and d.
62
Suppose 3*j - 6 = -5*i - 0, 3 = 2*j + 3*i. Let r be (69 - 21) + (j + 0 - 2). Calculate the greatest common factor of r and 473.
43
Let p(z) = -5*z + 1. Let d be p(8). Let w = 20 - d. Suppose a = -g + 13, -4*a - g = -4*g - w. Calculate the highest common divisor of a and 112.
14
Let w(k) = -406*k + 79. Let s be w(0). What is the highest common factor of 32153 and s?
79
Let s = 399 + -129. Let l = s - 257. Calculate the greatest common factor of l and 403.
13
Let i(h) = h**2 - 223*h + 4105. Let q be i(20). Let o = 319 - -536. Calculate the greatest common factor of o and q.
45
Let l = 4 + 3. Suppose -9*y = -2*s - 8*y + 2, 5*y = 3*s + 4. Suppose b + s = 0, 3*m + 2*m - 15 = 5*b. What is the greatest common divisor of m and l?
1
Suppose -2*r - 139 = -7*r + 2*u, 4*r = 3*u + 107. Suppose 0*m + 76*m + 117*m = 72761. Calculate the greatest common divisor of r and m.
29
Suppose -58 + 50 = 2*p - 3*z, 2*p - 2*z = -2. Suppose -6*w + 10*w = 760. What is the greatest common factor of w and p?
5
Suppose -r - 745 = -3*q, -356*q + 361*q = -4*r + 1219. Let y be (-1)/(((-3)/13)/3). Calculate the greatest common factor of q and y.
13
Suppose -2*h + s = 1, 3*h - 3*s + 14 = s. Suppose -266 = h*p - 7*p + 3*r, 0 = 4*p - 5*r - 205. Let q = -41 + p. What is the highest common divisor of q and 70?
14
Let k be (-7)/28*-225*(-5 + 29). What is the highest common divisor of 240 and k?
30
Let m(r) = -5*r. Let c be m(-1). Suppose -h = -65 - 45. Suppose -8*j - h = -10*j. Calculate the greatest common factor of j and c.
5
Let n be (-745)/35 + (-6)/(-21). Let w be 150/((-4)/(56/n)). What is the greatest common factor of w and 40?
20
Let o(h) = -17*h + 2048. Let n be o(119). What is the greatest common divisor of n and 70?
5
Suppose 3*f = 3*p - 132 + 12, 0 = -4*p + 2*f + 164. Suppose -48*c + 1134 = 3*a - 50*c, 5*c - 378 = -a. Calculate the highest common factor of p and a.
42
Suppose -u + 3*o = -0*u + 4, 3*u + 2*o = 10. Suppose 8 = u*h - 6. Suppose -6*g + 10*z = 9*z - 2, -2*g + 3*z = 10. What is the highest common divisor of h and g?
1
Suppose -4*i - 4*c + 8 = -1524, -3*i = 2*c - 1153. Calculate the greatest common factor of i and 756.
9
Let j(a) = -a**3 + 10*a + 9. Let g be j(-3). Suppose -8*s + g*s = -460. What is the highest common factor of s and 46?
46
Let d(t) = 6*t. Let z be (1 + 0)/1 + 0. Let s be d(z). Let n = -40404 + 40408. Calculate the greatest common divisor of n and s.
2
Let i(k) = -k**3 - 24*k**2 - 17*k + 126. Let g be i(-23). Let p(a) = -88*a - 159. Let t be p(g). Calculate the highest common factor of 39 and t.
39
Suppose 410*f - 963 = 406*f + o, 2*f - 5*o - 495 = 0. What is the greatest common factor of f and 390?
30
Let n be (-5248)/48*(-36)/32. Calculate the highest common factor of n and 2009.
41
Let h be (88/(-143))/4 - 46143/(-39). Calculate the greatest common factor of h and 28.
7
Let q be 332/20 + 6/15. Let s(n) = -q*n - 8 + 1 - 48*n**2 + 49*n**2 - 3. Let v be s(19). What is the greatest common factor of v and 98?
14
Let c be (0 - (-7 - -4)) + 49. Let f(z) = z**3 - 9*z**2 + 3*z - 52. Let m be f(10). What is the highest common divisor of m and c?
26
Suppose -32*d + 806 = 541 - 2487. Calculate the highest common factor of d and 2021.
43
Let d = -115 - -175. Let a be (-966)/4186 + (-3)/(39/(-1043)). Calculate the greatest common factor of a and d.
20
Let y(p) = 16*p + 280. Let i(f) = 8*f + 139. Let q(h) = 13*i(h) - 6*y(h). Let o be q(-11). Calculate the greatest common divisor of 3 and o.
3
Let i be ((-10)/(-2))/((-1910)/(-4202)). Calculate the greatest common factor of i and 436.
1
Let q = 13248 - 10868. What is the highest common divisor of 490 and q?
70
Let a = 44 + -39. Suppose -3*m + a*m = 40. Suppose 2*b + 2*q = -0 + 32, 2*b - m = q. Calculate the greatest common factor of b and 132.
12
Let j(c) = c + 1. Let q = 84 - 73. Let v be 3*(4/6)/2*q. Let o be j(v). What is the highest common